
Let v be (3 - 2) + 1 + -1. Let l be -1 + v + 0 + -1. What is the remainder when 38 is divided by 1*l/2*-26?
12
Let p(r) = -r**3 + 8*r**2 - 6*r - 7. Let n be p(7). Let h(i) = 2*i + 61. What is the remainder when h(n) is divided by 16?
13
Let i be (-9)/(-6)*(0 - 2). Let c be i - (2 + 0 - 2). What is the remainder when c*(-21)/6*2 is divided by 12?
9
Let o = -1 + 11. Let g = 19 - o. What is the remainder when 17 is divided by g?
8
Let i be (0 + -2)*(-2)/(-2). Let t be 3/(-1) - i - -4. Let w(z) = -z**3 + 3*z**2 + 2*z + 3. Calculate the remainder when 33 is divided by w(t).
6
What is the remainder when 7 + 16/(-4) + 58 is divided by 21?
19
Let x = -23 + 39. Let i(m) = 2*m**2 - 10*m - 1. Let l be i(8). Let s = -17 + l. What is the remainder when s is divided by x?
14
Let n(t) = -t**3 - 6*t**2 + 5*t - 5. Calculate the remainder when 26 is divided by n(-7).
8
Suppose -k + 14 = -5*t, -3*k = -0*t - t - 28. Calculate the remainder when 43 is divided by k.
7
Suppose -2*w + 96 = 2*w + 4*x, -4*w - 3*x + 92 = 0. Calculate the remainder when 59 is divided by w.
19
Let p = 5 + 2. Suppose 0 = -4*s + 119 - p. What is the remainder when 53 is divided by s?
25
Let q = 35 - 7. Let x(j) = j + 5. Let b be x(6). Let t = 26 - b. Calculate the remainder when q is divided by t.
13
Let h(a) = -5*a - 14. What is the remainder when 25 is divided by h(-5)?
3
Suppose x - 6 = 5. What is the remainder when 21 is divided by x?
10
Let c = -1 + 5. Suppose 0*j + 8 = c*j. Calculate the remainder when (2/(-6) - 1)*-3 is divided by j.
0
Let n = 9 - -5. Calculate the remainder when n is divided by 3.
2
Suppose 1 = -q + 4. What is the remainder when 3 is divided by q?
0
Let k = 7 - -7. Suppose 0 = 7*v - 2*v - 125. What is the remainder when v is divided by k?
11
Let s(u) = 5*u - 3. Let y(n) = 4*n - 11. Calculate the remainder when y(11) is divided by s(4).
16
Let h be (-4)/((-8)/2) + -21. What is the remainder when 22 is divided by (-248)/h - (-6)/(-15)?
10
Let g(o) = -o**2 + 16*o - 29. Calculate the remainder when g(13) is divided by 4.
2
Let s = -4 - -7. Suppose -s*d + d = -4. Suppose 5*t = 3*o + 70, 5*o = -d*t + 2 - 5. Calculate the remainder when t is divided by 4.
3
Let x be ((-6)/2)/((-21)/(-14)). Calculate the remainder when 1252/36 + x/(-9) is divided by 9.
8
Suppose 5*k = y + 25, 4*k - 6*k + 194 = -5*y. What is the remainder when 59 is divided by (2 - 10/4)*y?
19
Suppose 2*z = -0*z + 48. What is the remainder when 93 is divided by z?
21
Let w(g) = 2 - 3*g - 1 + 8*g. Suppose 4*t - 22 = d, -9 - 5 = -4*t + 5*d. Calculate the remainder when w(2) is divided by t.
5
Suppose -t + 0*t = m - 6, 4*t + 6 = 2*m. Let j be t/(-1 + (-4)/(-3)). Suppose -11 - 25 = -j*o. What is the remainder when 23 is divided by o?
11
Suppose -1 = 2*u + k - 2, 3*u - 2*k = 12. Suppose u*p - t = 75, 3*p + 2*p = t + 189. Calculate the remainder when p is divided by (-186)/(-14) + 2/(-7).
12
Let n(b) = 5*b - 4. What is the remainder when n(7) is divided by 8?
7
Let z = 19 - 11. Calculate the remainder when 23 is divided by z.
7
Let d(r) = r**3 + r**2 - 4*r - 1. Calculate the remainder when d(4) is divided by (-2)/(-2) - (-8 + -13).
19
What is the remainder when 30 - (15/(-3) - -4) is divided by 13/1 + 2 + -4?
9
Suppose 0 = s - 62 - 14. What is the remainder when s is divided by 27?
22
Let n(q) = -q**3 + 3*q + 2. Let j be n(-2). Let u be 1/j - 100/16. What is the remainder when ((-235)/15)/(2/u) is divided by 16?
15
Suppose -4*q + 2*q + 4 = 0, 0 = 3*w - q - 10. What is the remainder when w is divided by 4?
0
Suppose 2*v = 2, -5*w + 24 = 3*v + v. Suppose 5*n - 140 = 2*g, 3*n - 56 = n + w*g. What is the remainder when n is divided by 10?
8
Let w(z) = -6*z + 5. Let a be w(-5). Let d = 23 + -12. Let m = a - d. What is the remainder when m is divided by 13?
11
Let t(j) = -j**2 + 6*j + 1. What is the remainder when t(6) is divided by 1?
0
What is the remainder when -2 + (-103)/(-5) - (-3)/(-5) is divided by 6?
0
Let g(r) = -2*r**3 - 2*r**2 + 7*r + 1. Calculate the remainder when g(-5) is divided by 42.
40
Suppose -2*p = -11 + 1, -2*c = 2*p - 224. What is the remainder when c is divided by 22?
19
What is the remainder when 22 is divided by (4/(-6))/(2/(-24))?
6
Suppose 3*o = 2*a - 2*o - 22, -a - 19 = 5*o. Calculate the remainder when 93/3 + a + 0 is divided by 11.
10
Suppose 2*o = -1 - 9. Let w = -43 - -23. What is the remainder when 15 is divided by (w/(-6))/o*-9?
3
Let g(c) = c**3 + 7*c**2 + c + 5. Let b be g(-7). Let n(m) = -2*m + 4. What is the remainder when (-134)/(-5) - b/10 is divided by n(-5)?
13
Let y(i) = -i**2 - 13*i - 4. Calculate the remainder when 127 is divided by y(-9).
31
Let w be (-3)/((-3)/(1 - -2)). Suppose m = -d + 6*d - w, -2*m = 5*d - 24. What is the remainder when 18 is divided by m?
4
Let b(x) = 4*x**3 - x**2 + 2*x - 1. What is the remainder when 15 is divided by b(1)?
3
Suppose 3*s - 164 - 133 = 0. Calculate the remainder when s is divided by 51.
48
Let l = 201 + -108. Calculate the remainder when l is divided by 48.
45
Let u = -169 - -188. Calculate the remainder when 129 is divided by u.
15
Suppose 274 = 3*m + 100. Suppose 3*r = -2*c + m, 0 = 5*c + 3*r - 6*r - 166. Calculate the remainder when c is divided by (-158)/(-14) - (-4)/(-14).
10
Let b(n) = -11*n**3 - 2*n - 5. Calculate the remainder when b(-2) is divided by 30.
27
Suppose 0*y - 3*y = -117. Let h(a) = -a**3 + 9*a**2 + 3*a - 6. Calculate the remainder when y is divided by h(9).
18
Suppose 4*b - 63 = 5*s + 62, b - 4*s = 45. Calculate the remainder when b is divided by 14.
11
Let d be (-1 + 1)/(-4) + 5. Let z be (308/6)/((-2)/9). What is the remainder when 29 is divided by z/(-15) + (-2)/d?
14
Suppose -2*m - 4*z = 2*m - 24, z = -3. Suppose 2*y = -0*y + 30. Calculate the remainder when y is divided by m.
6
Suppose 5*t = 96 + 84. Let r = t - 21. Calculate the remainder when 27 is divided by r.
12
Let l = 10 - 16. What is the remainder when 49 is divided by (-4)/l - 196/(-12)?
15
Let i = 10 - 5. Suppose 3*g + 63 = c + 4*c, 3*g = 4*c - 48. Suppose -2*d + c = -13. Calculate the remainder when d is divided by i.
4
Suppose -3*r = 5*t - 77, -3*r + 16 + 52 = -4*t. What is the remainder when 3063/33 + 2/11 is divided by r?
21
Suppose 2*s - 3*q = 36, 3*q + 67 = 3*s + 5*q. Suppose -s - 9 = -5*f. What is the remainder when f is divided by 1 + (0 - -2) + 1?
2
Let j(x) = -x**3 + 2*x**2 + 4*x - 7. Suppose -4*q + 2 = 6. Let v(n) = -n**2 + 1. Let a(u) = q*j(u) - 5*v(u). Calculate the remainder when a(-4) is divided by 2.
0
Let j(i) = i**2 - 3*i - 1. Let q be j(4). What is the remainder when 0 + q - (-1 - 3) is divided by 4?
3
Let f be 6/8 + (-1)/(-4). Let k(z) = -7 + 4*z + f + 4 - 6. What is the remainder when k(6) is divided by 6?
4
Suppose -2*p + 2*x = -98, -p - 3*x + 49 = 16. Let o = p - 18. Suppose -2*k + 16 - 6 = -2*a, -a + o = 3*k. What is the remainder when 22 is divided by k?
6
Let v be 7 + (3 - (2 - 2)). Suppose -4 = 3*m - v. Suppose 0 = 2*k - 5*d - m - 48, -k - 5*d - 5 = 0. What is the remainder when 43 is divided by k?
13
Let u = -25 + 41. Let r(h) = h**3 + 6*h**2 + 6*h + 6. Let f be r(-6). Let y = 16 - f. What is the remainder when y is divided by u?
14
Let i(t) = -t**3 - 4*t**2. Let s be i(-4). Calculate the remainder when 0 + s + 14/7 is divided by 1.
0
Suppose -211 = -18*q + 275. Calculate the remainder when 64 is divided by q.
10
Let q be (-48)/27 + 4/(-18). What is the remainder when q/(-6) + 501/9 is divided by 19?
18
Let v(h) = h**3 - 10*h**2 - 10*h - 4. Let r be v(11). Suppose -q + r - 2 = 0. What is the remainder when q is divided by 3?
2
Let t(l) = 2*l - 3. Let x be t(8). Let d = 8 - x. Let u(g) = -g + 5. What is the remainder when u(d) is divided by 6?
4
Let q(c) be the first derivative of -2*c**2 - c + 4. Calculate the remainder when 42 is divided by q(-4).
12
Suppose 5*d + 1 + 1 = 3*p, -24 = -5*p - 2*d. Calculate the remainder when 5 is divided by p.
1
Suppose -3*f = 3, -w = 4*w + 4*f - 56. What is the remainder when 35 is divided by w?
11
Suppose 0 = 4*x + x - 60. Suppose -2*m - 79 = o + 3*m, -4*o + 4*m = 292. What is the remainder when 10 is divided by (-2)/x + o/(-12)?
4
Let v(z) = 9*z - 8. What is the remainder when v(7) is divided by 14?
13
Suppose -5*a - 2*v + 10 = 3*v, 3*a + 5*v = -2. What is the remainder when 15 is 